2/1?
6
Let c = -392 - -647. Let f be -7 + c/35 - (-2054)/14. Suppose 0 = -v - 3*v - 5*o + f, -4*o = -v + 63. What is the units digit of v?
3
Let z(b) = 7779*b**2 - 99*b - 99. What is the thousands digit of z(-1)?
7
Let n(u) be the first derivative of -u**4/4 + 11*u**3/3 + 2*u**2 - 28*u - 61. What is the units digit of n(5)?
2
Suppose -2*u - 6 = -2*z, -3*u + 4*z = -u + 6. Let c be u*(1 - (-4 + 6)). Suppose -2*n - 5*t + 27 = 0, -c*n = 2*n - 3*t - 21. What is the units digit of n?
6
Suppose -7 = -3*o - 4*q, -3*o = -2*q + 3*q - 22. Let r be ((-776)/18)/4 + (-2)/o. Let b = 15 - r. What is the units digit of b?
6
Suppose 102*r - 6798122 - 8688778 = -93*r. What is the thousands digit of r?
9
Let y = 13114 - 6029. What is the hundreds digit of y?
0
Let s be 20/(-4)*(-1 - 4). Let g = 28 - s. Suppose 0*h - h = -2*o + 114, -232 = -4*o + g*h. What is the units digit of o?
5
Let x = 55 + -201. Let u = x + 153. What is the units digit of u?
7
Let o(d) be the second derivative of 7/12*d**4 + 1/3*d**3 + 0 - 16*d - 3/2*d**2. What is the tens digit of o(5)?
8
Let j be (-6)/5 - 3/(-15). Let d(f) = -7*f**2 + f - 2. Let u(z) = z**2 + z - 1. Let k(o) = j*d(o) - 6*u(o). What is the units digit of k(17)?
8
Suppose 0 = 5*y + 2*u + 5 + 2, -2*y - 4*u = 6. What is the hundreds digit of y/(-2) - (-9)/(-6) - -272?
2
Suppose 31 - 101 = -7*j. Let o(p) = -p**3 + 11*p**2 - 9*p - 13. Let b be o(j). Let x = 83 - b. What is the tens digit of x?
8
Let t = 7944 + -344. What is the tens digit of t?
0
Let l be ((-6)/(-4))/((-6)/(-4) - 2). Let a(k) = -k - 3. Let g be a(l). Suppose x - 21 = -g*x. What is the tens digit of x?
2
Let r(i) = 2155*i**2 - 40*i - 141. What is the ten thousands digit of r(5)?
5
Suppose -4*s + 3249 = -3*q, -4*s - 5*q + 2501 = -724. Suppose -403*b - s = -404*b. What is the hundreds digit of b?
8
Let j be 148/5*5/(-10)*-5. Let i = 173 - j. What is the units digit of i?
9
Suppose 5*q - 5*k - 15260 = 0, 3056 = 842*q - 841*q + k. What is the hundreds digit of q?
0
Let q(j) = -192*j + 924. What is the thousands digit of q(-6)?
2
Let b(h) = 3*h**2. Let a be b(0). Suppose a = -5*r + z + 183, 0 = 4*z - 3*z - 2. What is the tens digit of r?
3
Let a(z) be the second derivative of -z**4/12 - 25*z**3/6 + 23*z**2 - 33*z - 8. Let b = -27 - -12. What is the hundreds digit of a(b)?
1
Suppose 103145 = 31*f + 18*f. What is the tens digit of f?
0
Suppose -49*m + 6274585 = 7*m + 53*m. What is the units digit of m?
5
Let d(h) = -h**2 + 7*h - 7. Let m be d(5). Let k = m - 0. What is the tens digit of 68 + 1 - k/(-6)*-6?
6
Let c be (-4)/12*0 + -14. Let d(m) be the third derivative of -m**5/60 - 17*m**4/24 - 7*m**3/3 + 2*m**2. What is the tens digit of d(c)?
2
Let z(j) = 152*j**3 + 3*j**2 + 18*j - 79. What is the units digit of z(5)?
6
Suppose -131*r + 941980 = 78*r + 51*r. What is the thousands digit of r?
3
Suppose 553636 - 136672 = 34*t - 695924. What is the thousands digit of t?
2
Suppose 2*f - 22 = 3*r, 2*r - 4*f = r + 6. Let w be 4/r - (-6)/15. Suppose 3*l + 3*c - 282 = w, -5*l - 3*c = -8*c - 520. What is the units digit of l?
9
Let d = 53 - 54. Let y be (-2 + 22/6)/(d/(-3)). Suppose -3*r - 72 = t - 332, y*r + 4*t - 431 = 0. What is the tens digit of r?
8
What is the units digit of 1071/(-714)*(-7192)/3?
6
Suppose 6 = -3*g, 5*z + 8*g - 184 = 5*g. Suppose 0 = -5*i - 5*w + 95, 0*i = 2*i + w - z. Suppose -35 - i = -y. What is the tens digit of y?
5
Suppose -7296 + 325421 = 25*r. What is the hundreds digit of r?
7
Let y = -5557 + 2901. Let s = -1542 - y. What is the thousands digit of s?
1
Let c(w) = 9446*w + 1985. What is the hundreds digit of c(2)?
8
Suppose -m = 3*c - 50 - 17, 3*c = m - 37. Suppose -m = -3*l + 122. Suppose 2*h - 5*x - l = 0, -2*h - 5*x = h - 87. What is the units digit of h?
9
Let f(i) = -28*i + 41. Suppose 0 = -q - 4*d - 12, 2*q - 2*d = -d - 15. Let k be f(q). Let t = k - 155. What is the units digit of t?
0
Let i be 1 + -6 + 8 - -179. Let s = i - 69. What is the tens digit of s?
1
Suppose l - 63836 = -12*m + 8*m, -191586 = -3*l + m. What is the hundreds digit of l?
8
Suppose -28*y = -32*y - 3*m + 29, -3*y = -m - 12. Let v(d) = 19*d**2 + 3*d + 22. What is the hundreds digit of v(y)?
5
Let k = 546 + 3834. What is the tens digit of k?
8
Let o = -39 - -39. Let p be (o/8)/(-4 - -3). Let a = 163 + p. What is the hundreds digit of a?
1
Suppose 4*z - 2516 = -2*n, -110*n + 105*n = 5*z - 6270. What is the tens digit of n?
5
Let t(p) = -p**3 + p**2 + 4*p - 5. Let k be t(-3). Suppose j - 5*l = 46 - k, 174 = 4*j + 2*l. What is the tens digit of j?
4
Let n(r) = 5*r**2. Suppose 0*z + 2*z = -2*l - 40, z = -4*l - 74. Let b = -15 - l. What is the units digit of n(b)?
5
Let n be 2/(3 + -1) + (21 - 22). Suppose -3*r + 150 = -r - 2*s, n = -5*r - 3*s + 375. Let z = 86 - r. What is the units digit of z?
1
Suppose 0 = 5*i + 3*z - 8107, -9*z - 4893 = -3*i - 6*z. What is the hundreds digit of i?
6
Let y(g) = 425*g - 52. What is the tens digit of y(9)?
7
Let n = 11480 + 34845. What is the ten thousands digit of n?
4
Let t = -38 - -45. Let a be (2/(-8))/(t/(-84)). Suppose -o - 128 = -a*o + 5*b, 16 = -4*b. What is the units digit of o?
4
Let y(t) = -t. Let z(m) = -68*m - 57. Let u(d) = 5*y(d) - z(d). What is the tens digit of u(8)?
6
Suppose -80*o + 234529 = 7*o - 226745. What is the tens digit of o?
0
Let p = 36300 + -26486. What is the hundreds digit of p?
8
Let q = 14350 + -7278. What is the hundreds digit of q?
0
Suppose -2*d + 31 = 4*p + 3*d, -3*d + 25 = 4*p. Suppose h = -4*a + 395, -a - p*a = 4*h - 1602. What is the tens digit of h?
0
What is the hundreds digit of 19554/14 - (-23)/(2093/26)?
3
Suppose -16*a = 11542 - 55766. What is the thousands digit of a?
2
Let s(v) = -746*v + 8558. What is the units digit of s(10)?
8
Let o(g) = 2 + 60*g - g**2 - 13 - 69*g. Let p be o(-7). Suppose 3*c = -p*m + 8*m - 309, 2*c - 256 = -4*m. What is the units digit of m?
3
Let h(o) be the first derivative of o**6/360 - o**4/12 + 10*o**3/3 - 35. Let a(l) be the third derivative of h(l). What is the tens digit of a(-6)?
3
Let t = -17 - -21. Suppose 5*a + q = 1222, -724 = -7*a + 4*a + t*q. What is the hundreds digit of a?
2
Let c(p) = 274*p**2 - 8*p - 28. What is the ten thousands digit of c(-8)?
1
Suppose 9*a + 333 = -369. Let f be (-12)/a + 0 + (-189)/(-39). Let c(k) = 39*k - 20. What is the hundreds digit of c(f)?
1
Suppose -16*y + 705086 = z, 176278 = 4*y + 134*z - 137*z. What is the hundreds digit of y?
0
Suppose 3 = -k, 9*c + 22351 = 11*c - 5*k. What is the hundreds digit of c?
1
Let o be 6/7*-21*(-6)/27. Suppose -178 = -5*c - o*j, 104 = c + 2*c + j. What is the units digit of c?
4
Let a(g) = g**3 + 2*g**2 + 2*g - 4. Let u be a(5). Let r be (-9084)/(-36) + (-25)/(-15). Let m = r - u. What is the units digit of m?
3
Suppose -399 = 4*g - 475. Suppose -14*l + g*l = 3055. What is the units digit of l?
1
Let o be 3 - -4 - 2 - 0. Suppose 0 = o*h - 15, 2*h - 1256 = -4*c - 86. What is the units digit of c?
1
Let p be (-8)/(-12) + (-1)/6*-122. Let f be p/14 + ((-18)/(-4))/3. Suppose -5*g = -4*h - 240, -f*g + 144 = -0*g + 3*h. What is the tens digit of g?
4
Suppose -3*p = -4*c - 20644, -12 = -c + 4*c. What is the hundreds digit of p?
8
Let w(t) = -30*t - 9. Let y(s) = 29*s + 10. Let o(f) = 6*w(f) + 5*y(f). Let j be o(-1). Let q = j + -4. What is the units digit of q?
7
Let x be -3*1 + 18*25 + 8. Let r = x - 323. What is the hundreds digit of r?
1
Let o be (-18896)/(-12) - (3 - 10/3). Let w = o + -557. What is the thousands digit of w?
1
Let i = -90 - -140. Suppose -4*g - 124 = -5*z, -2*z - g + i = -3*g. What is the tens digit of z?
2
Let r = -14 - -10. Let i be (-1 - r/6)*(-24 + 12). Suppose i*c + g = 6*g + 208, -5*g = -3*c + 161. What is the tens digit of c?
4
Let f be (-11)/(55/20) - -6. Suppose 0 = -f*z - 2, -5*d + 252 + 52 = -4*z. What is the tens digit of d?
6
Suppose l = 3*l. Suppose -3*b + 5*b + 1 = d, l = -3*d + 2*b + 11. Suppose -5*t - 5*a + 235 = 0, -d*t - a - 2*a = -235. What is the units digit of t?
7
Suppose -11 - 5 = -4*n. Suppose 5*b = -n*x + 4387, -b - 2428 = -2*x - 231. What is the units digit of x?
8
Suppose -91*o + 69*o = -644864. What is the units digit of o?
2
Let j = 21380 - 18878. What is the thousands digit of j?
2
Let h = 25305 + 23611. What is the ten thousands digit of h?
4
Sup